{"id":125,"date":"2016-02-07T21:06:18","date_gmt":"2016-02-07T21:06:18","guid":{"rendered":"https:\/\/profficine2.wordpress.com\/?page_id=125"},"modified":"2025-06-03T14:03:11","modified_gmt":"2025-06-03T14:03:11","slug":"avantages","status":"publish","type":"page","link":"https:\/\/www.profficine.com\/?page_id=125","title":{"rendered":"Avantages"},"content":{"rendered":"<h6><\/h6>\n<p><span style=\"color:#000000;\">Profficine est un logiciel con\u00e7u d\u00e8s le d\u00e9part pour etre accessible et \u00e0 la fois tr\u00e9s complet et fonctionnel,<\/span><\/p>\n<p><span style=\"color:#000000;\">Il automatise les taches au maximum pour vous faire gagner du temps,<\/span><\/p>\n<p><span style=\"color:#000000;\">Il dispose d&rsquo;une ergononomie sans pareil,<\/span><\/p>\n<p><span style=\"color:#000000;\">Profficine est un logiciel tr\u00e9s fiable, il a fait ces preuves et est utilis\u00e9 depuis des ann\u00e9es par des pharmaciens sans probl\u00e8me<\/span><\/p>\n<p><span style=\"color:#000000;\">La dur\u00e9e de la licence est illimit\u00e9e <\/span><\/p>\n<p><span style=\"color:#000000;\">De plus vous disposez d&rsquo;un service apr\u00e9s vente serieux et \u00e9fficace<\/span><\/p>\n<p><span style=\"color:#000000;\">Malgr\u00e9 son interface facile et ergonomique, nous offrons une formation pour optimiser son utilisation et profiter de toutes ses fonctionnalit\u00e9s<\/span><\/p>\n<p><span style=\"color:#000000;\">Profficine vous permet de controler votre stock et p\u00e9remptions, la caisse jounali\u00e8re, votre comptabilit\u00e9,\u00a0 vos ventes, vos cr\u00e9dits et tout ce dont vous avez besoin, tr\u00e9s simplement et avec efficacit\u00e9, afin d&rsquo;optimiser au mieux la gestion de votre officine<\/span><\/p>\n","protected":false},"excerpt":{"rendered":"<p>Profficine logiciel de gestion de pharmacie algerie<\/p>\n","protected":false},"author":1,"featured_media":192,"parent":0,"menu_order":3,"comment_status":"closed","ping_status":"closed","template":"","meta":{"slim_seo":{"title":"Avantages - PROFFICINE","description":"Profficine logiciel de gestion de pharmacie algerie"},"footnotes":""},"class_list":["post-125","page","type-page","status-publish","has-post-thumbnail","hentry","has-post-title","has-post-date","has-post-category","has-post-tag","has-post-comment","has-post-author",""],"builder_content":"","_links":{"self":[{"href":"https:\/\/www.profficine.com\/index.php?rest_route=\/wp\/v2\/pages\/125","targetHints":{"allow":["GET"]}}],"collection":[{"href":"https:\/\/www.profficine.com\/index.php?rest_route=\/wp\/v2\/pages"}],"about":[{"href":"https:\/\/www.profficine.com\/index.php?rest_route=\/wp\/v2\/types\/page"}],"author":[{"embeddable":true,"href":"https:\/\/www.profficine.com\/index.php?rest_route=\/wp\/v2\/users\/1"}],"replies":[{"embeddable":true,"href":"https:\/\/www.profficine.com\/index.php?rest_route=%2Fwp%2Fv2%2Fcomments&post=125"}],"version-history":[{"count":1,"href":"https:\/\/www.profficine.com\/index.php?rest_route=\/wp\/v2\/pages\/125\/revisions"}],"predecessor-version":[{"id":421,"href":"https:\/\/www.profficine.com\/index.php?rest_route=\/wp\/v2\/pages\/125\/revisions\/421"}],"wp:featuredmedia":[{"embeddable":true,"href":"https:\/\/www.profficine.com\/index.php?rest_route=\/wp\/v2\/media\/192"}],"wp:attachment":[{"href":"https:\/\/www.profficine.com\/index.php?rest_route=%2Fwp%2Fv2%2Fmedia&parent=125"}],"curies":[{"name":"wp","href":"https:\/\/api.w.org\/{rel}","templated":true}]}}